divisor of 9950 and 50?
50
What is the greatest common factor of 33 and 319?
11
Calculate the greatest common divisor of 30 and 282.
6
What is the greatest common divisor of 15 and 45?
15
Calculate the highest common factor of 256 and 80.
16
Calculate the highest common divisor of 41 and 8036.
41
What is the highest common divisor of 2223 and 323?
19
What is the greatest common divisor of 189 and 63?
63
What is the greatest common factor of 18 and 24?
6
What is the greatest common factor of 260 and 940?
20
What is the highest common divisor of 72 and 324?
36
Calculate the greatest common divisor of 74 and 962.
74
What is the highest common divisor of 2512 and 16?
16
Calculate the greatest common divisor of 816 and 153.
51
What is the greatest common factor of 8 and 2632?
8
What is the highest common factor of 41 and 369?
41
Calculate the greatest common divisor of 9292 and 184.
92
Calculate the highest common factor of 1443 and 222.
111
What is the highest common divisor of 5934 and 430?
86
What is the greatest common factor of 351 and 27?
27
Calculate the highest common divisor of 22 and 38841.
11
What is the greatest common factor of 198 and 528?
66
Calculate the greatest common divisor of 22198 and 22.
22
Calculate the highest common factor of 2094 and 12.
6
What is the greatest common factor of 215 and 10535?
215
What is the greatest common factor of 48 and 912?
48
What is the highest common factor of 7042 and 14?
14
What is the highest common factor of 10 and 16730?
10
Calculate the greatest common divisor of 2645 and 345.
115
What is the highest common factor of 11543 and 34?
17
What is the greatest common divisor of 49 and 1127?
49
Calculate the greatest common divisor of 9 and 6.
3
What is the greatest common factor of 11 and 407?
11
Calculate the greatest common factor of 370 and 10.
10
What is the highest common factor of 1545 and 210?
15
What is the greatest common divisor of 960 and 30?
30
What is the highest common factor of 2032 and 16?
16
What is the greatest common factor of 495 and 22?
11
What is the greatest common factor of 28 and 532?
28
Calculate the greatest common factor of 189 and 252.
63
Calculate the greatest common factor of 10 and 3340.
10
What is the highest common divisor of 9 and 567?
9
Calculate the highest common divisor of 44 and 77.
11
What is the highest common factor of 272 and 170?
34
What is the highest common divisor of 380 and 40?
20
What is the highest common factor of 289 and 612?
17
Calculate the greatest common factor of 356 and 8.
4
What is the highest common factor of 13 and 44993?
13
Calculate the greatest common divisor of 77 and 71302.
77
What is the greatest common divisor of 418 and 570?
38
Calculate the highest common divisor of 8 and 94.
2
Calculate the highest common factor of 45 and 873.
9
What is the greatest common divisor of 451 and 41?
41
Calculate the highest common factor of 185 and 296.
37
Calculate the greatest common factor of 28 and 203.
7
Calculate the highest common divisor of 6832 and 112.
112
Calculate the highest common divisor of 5346 and 24.
6
Calculate the greatest common factor of 765 and 90.
45
Calculate the highest common factor of 3186 and 1534.
118
What is the highest common factor of 78 and 1677?
39
Calculate the highest common factor of 1255 and 3263.
251
Calculate the highest common factor of 24 and 102.
6
What is the greatest common divisor of 27 and 7236?
27
What is the highest common divisor of 22 and 198?
22
Calculate the highest common divisor of 808 and 707.
101
What is the highest common divisor of 95 and 19?
19
Calculate the greatest common divisor of 14464 and 113.
113
Calculate the greatest common factor of 1225 and 975.
25
Calculate the highest common divisor of 24018 and 6.
6
What is the greatest common divisor of 121 and 11?
11
Calculate the highest common factor of 15 and 95.
5
Calculate the greatest common divisor of 438 and 144.
6
What is the highest common divisor of 5535 and 45?
45
What is the highest common divisor of 364 and 12?
4
What is the highest common factor of 546 and 39?
39
What is the highest common divisor of 1715 and 2303?
49
What is the highest common divisor of 1586 and 122?
122
Calculate the highest common divisor of 1250 and 10.
10
What is the greatest common divisor of 55 and 15?
5
Calculate the greatest common divisor of 12 and 324.
12
What is the highest common factor of 188 and 1081?
47
What is the highest common factor of 14 and 3598?
14
Calculate the greatest common factor of 2 and 16.
2
Calculate the greatest common factor of 7 and 259.
7
Calculate the greatest common factor of 42 and 18.
6
What is the highest common factor of 9 and 243?
9
What is the highest common factor of 18 and 114?
6
What is the highest common divisor of 540 and 2760?
60
What is the greatest common factor of 1918 and 1233?
137
What is the highest common divisor of 135 and 2655?
45
Calculate the highest common divisor of 10833 and 69.
69
What is the greatest common factor of 80 and 200?
40
What is the greatest common factor of 26 and 585?
13
Calculate the highest common divisor of 5 and 125.
5
What is the highest common factor of 903 and 129?
129
What is the greatest common divisor of 100 and 492?
4
What is the greatest common factor of 91 and 413?
7
What is the highest common factor of 77 and 693?
77
What is the highest common factor of 330 and 45?
15
Calculate the highest common factor of 36819 and 9.
9
What is the highest common divisor of 137 and 46169?
137
Calculate the greatest common factor of 637 and 364.
91
What is the greatest common divisor of 88 and 44?
44
Calculate the highest common factor of 245 and 343.
49
What is the greatest common divisor of 12362 and 56?
14
Calculate the greatest common factor of 133 and 19.
19
What is the greatest common divisor of 3222 and 18?
18
What is the highest common factor of 90 and 222?
6
What is the highest common divisor of 21 and 714?
21
What is the highest common divisor of 28 and 938?
14
Calculate the greatest common factor of 376 and 32.
8
Calculate the highest common factor of 3013 and 46.
23
What is the highest common divisor of 24 and 51384?
24
What is the greatest common factor of 1146 and 6?
6
Calculate the greatest common factor of 14 and 3409.
7
Calculate the greatest common factor of 10690 and 50.
10
What is the greatest common factor of 42 and 234?
6
Calculate the greatest common factor of 15 and 45.
15
Calculate the highest common factor of 70 and 133.
7
What is the greatest common divisor of 391 and 34?
17
What is the greatest common factor of 528 and 9636?
132
What is the highest common factor of 123 and 4920?
123
Calculate the greatest common divisor of 38 and 4750.
38
Calculate the highest common factor of 715 and 55.
55
What is the greatest common factor of 377 and 174?
29
What is the greatest common divisor of 31884 and 12?
12
Calculate the highest common factor of 64 and 6208.
64
Calculate the greatest common factor of 885 and 255.
15
What is the highest common factor of 32484 and 24?
12
Calculate the highest common divisor of 845 and 65.
65
What is the greatest common factor of 6 and 27?
3
What is the greatest common divisor of 1496 and 176?
88
What is the greatest common divisor of 530 and 8?
2
Calculate the greatest common factor of 1909 and 23.
23
What is the greatest common divisor of 510 and 102?
102
Calculate the highest common factor of 45 and 1185.
15
Calculate the greatest common divisor of 45 and 117.
9
Calculate the greatest common divisor of 55 and 1155.
55
Calculate the highest common divisor of 10 and 640.
10
What is the greatest common factor of 65 and 115?
5
What is the highest common divisor of 147 and 294?
147
Calculate the greatest common divisor of 9910 and 40.
10
Calculate the highest common divisor of 299 and 92.
23
Calculate the greatest common divisor of 1640 and 1435.
205
What is the highest common factor of 10 and 110?
10
What is the greatest common divisor of 9 and 387?
9
Calculate the greatest common divisor of 112 and 532.
28
Calculate the highest common factor of 640 and 20.
20
What is the highest common divisor of 1568 and 20?
4
What is the highest common divisor of 74 and 1110?
74
What is the greatest common factor of 327 and 16132?
109
Calcula